 when 98458 is divided by 97659?
799
Calculate the remainder when 33321619 is divided by 244.
3
What is the remainder when 46960680 is divided by 419?
417
Calculate the remainder when 174997 is divided by 14578.
61
Calculate the remainder when 124212 is divided by 4573.
741
What is the remainder when 44524030 is divided by 28?
26
What is the remainder when 1912743 is divided by 450?
243
Calculate the remainder when 557424 is divided by 882.
0
What is the remainder when 6095287 is divided by 141?
139
Calculate the remainder when 498173 is divided by 4021.
3590
Calculate the remainder when 462699 is divided by 2257.
14
What is the remainder when 87563 is divided by 41028?
5507
What is the remainder when 12755249 is divided by 468?
377
Calculate the remainder when 35600865 is divided by 447.
444
Calculate the remainder when 768113 is divided by 1906.
1901
What is the remainder when 1005512 is divided by 1786?
1780
Calculate the remainder when 2409234 is divided by 2157.
2022
What is the remainder when 1236968 is divided by 7633?
422
What is the remainder when 5485707 is divided by 8139?
21
Calculate the remainder when 101576 is divided by 50594.
388
Calculate the remainder when 15560218 is divided by 2533.
2532
Calculate the remainder when 528317 is divided by 40.
37
Calculate the remainder when 10579 is divided by 2922.
1813
Calculate the remainder when 57437 is divided by 145.
17
Calculate the remainder when 824575 is divided by 137427.
13
What is the remainder when 167488 is divided by 117?
61
What is the remainder when 16539334 is divided by 42?
28
What is the remainder when 21777843 is divided by 258?
63
Calculate the remainder when 12344631 is divided by 194.
23
Calculate the remainder when 34565595 is divided by 2342.
17
What is the remainder when 6126140 is divided by 976?
764
What is the remainder when 227574259 is divided by 10?
9
Calculate the remainder when 77806 is divided by 6407.
922
Calculate the remainder when 2590582 is divided by 78502.
16
Calculate the remainder when 65182161 is divided by 2578.
9
What is the remainder when 1797562 is divided by 5952?
58
What is the remainder when 6621526 is divided by 1324300?
26
What is the remainder when 5640166 is divided by 2850?
16
What is the remainder when 378575 is divided by 378484?
91
Calculate the remainder when 58305661 is divided by 3159.
3157
What is the remainder when 385441 is divided by 1240?
1041
What is the remainder when 683265 is divided by 134?
133
What is the remainder when 215854 is divided by 316?
26
What is the remainder when 826616265 is divided by 974?
971
What is the remainder when 422328 is divided by 258?
240
What is the remainder when 47353586 is divided by 56?
42
What is the remainder when 2400697 is divided by 5570?
27
What is the remainder when 70623242 is divided by 5224?
5210
Calculate the remainder when 49822 is divided by 1169.
724
What is the remainder when 8256399 is divided by 474?
267
Calculate the remainder when 145927 is divided by 3262.
2399
What is the remainder when 638953915 is divided by 720?
715
Calculate the remainder when 2535338 is divided by 2268.
1982
What is the remainder when 32464 is divided by 297?
91
What is the remainder when 18671450 is divided by 155?
150
What is the remainder when 968816 is divided by 206?
204
What is the remainder when 3606961 is divided by 593?
335
Calculate the remainder when 24079 is divided by 1009.
872
Calculate the remainder when 434191502 is divided by 42.
38
Calculate the remainder when 223729 is divided by 55702.
921
What is the remainder when 30789131 is divided by 3960?
131
What is the remainder when 34994 is divided by 34799?
195
What is the remainder when 595858 is divided by 4351?
4122
What is the remainder when 825805 is divided by 117273?
4894
Calculate the remainder when 24223 is divided by 49.
17
Calculate the remainder when 247672 is divided by 247670.
2
What is the remainder when 123089 is divided by 59894?
3301
Calculate the remainder when 1399685 is divided by 486.
5
Calculate the remainder when 66406 is divided by 16530.
286
What is the remainder when 5776404 is divided by 12?
0
What is the remainder when 64757 is divided by 1443?
1265
Calculate the remainder when 332587 is divided by 20495.
4667
What is the remainder when 14919467 is divided by 766?
85
Calculate the remainder when 250788 is divided by 55.
43
What is the remainder when 10862339 is divided by 7809?
20
Calculate the remainder when 42438 is divided by 1366.
92
What is the remainder when 12470 is divided by 6045?
380
What is the remainder when 18717508 is divided by 833?
831
Calculate the remainder when 1692966 is divided by 5082.
660
Calculate the remainder when 261881 is divided by 767.
334
Calculate the remainder when 49271201 is divided by 3121.
3095
What is the remainder when 148882521 is divided by 1751559?
6
What is the remainder when 6143916 is divided by 396?
372
Calculate the remainder when 575970 is divided by 245.
220
What is the remainder when 23297828 is divided by 2912227?
12
What is the remainder when 381031 is divided by 4646?
59
What is the remainder when 6316556 is divided by 263180?
236
What is the remainder when 694528 is divided by 45?
43
What is the remainder when 1779977 is divided by 4772?
21
Calculate the remainder when 76770 is divided by 1395.
45
What is the remainder when 636820 is divided by 159203?
8
Calculate the remainder when 1467287 is divided by 183409.
15
What is the remainder when 3229127 is divided by 3229079?
48
What is the remainder when 90799 is divided by 12914?
401
What is the remainder when 753620950 is divided by 42?
40
Calculate the remainder when 4129287 is divided by 194.
191
What is the remainder when 6165523 is divided by 2818?
2557
What is the remainder when 3677985 is divided by 1168?
1121
What is the remainder when 124540 is divided by 30988?
588
What is the remainder when 25277 is divided by 33?
32
What is the remainder when 1563501171 is divided by 6869?
6867
What is the remainder when 596328 is divided by 237?
36
What is the remainder when 14132 is divided by 1158?
236
What is the remainder when 1247212 is divided by 249428?
72
Calculate the remainder when 180389 is divided by 6675.
164
Calculate the remainder when 206308 is divided by 41126.
678
What is the remainder when 98614 is divided by 8616?
3838
Calculate the remainder when 1048854 is divided by 133.
16
What is the remainder when 9616766 is divided by 1454?
10
What is the remainder when 91956891 is divided by 463?
461
What is the remainder when 145094 is divided by 7633?
67
What is the remainder when 18530785 is divided by 925?
260
Calculate the remainder when 31159 is divided by 15569.
21
Calculate the remainder when 52840 is divided by 49853.
2987
Calculate the remainder when 30689736 is divided by 676.
12
Calculate the remainder when 1237539 is divided by 478.
475
Calculate the remainder when 2179367 is divided by 4151.
92
What is the remainder when 5687909 is divided by 5687904?
5
Calculate the remainder when 5970803 is divided by 85.
63
What is the remainder when 4645598 is divided by 1577?
1333
What is the remainder when 436035 is divided by 21?
12
Calculate the remainder when 1990433 is divided by 3.
2
Calculate the remainder when 1441049 is divided by 240173.
11
What is the remainder when 49334253 is divided by 1165?
1163
What is the remainder when 1412601 is divided by 1259?
3
Calculate the remainder when 27925 is divided by 17.
11
Calculate the remainder when 42342 is divided by 1056.
102
Calculate the remainder when 35182 is divided by 4389.
70
What is the remainder when 64766 is divided by 1158?
1076
What is the remainder when 5123724 is divided by 465789?
45
What is the remainder when 109018 is divided by 2795?
13
Calculate the remainder when 391479238 is divided by 11915.
11913
What is the remainder when 242310826 is divided by 6419?
6414
What is the remainder when 22722712 is divided by 282?
280
Calculate the remainder when 355065447 is divided by 118355145.
12
Calculate the remainder when 212593 is divided by 381.
376
Calculate the remainder when 18874 is divided by 133.
121
What is the remainder when 18482073 is divided by 200892?
9
Calculate the remainder when 16925543 is divided by 24.
23